ed by 11?
7
Suppose -5*j - 28 = -8, 3*k + 4*j - 413 = 0. Calculate the remainder when k is divided by 18.
17
Let m = 5 + -6. Let j be (-5 - -3)*m + 16. Suppose 0 = -a + u + 3, -j = -4*a + 3*u - u. What is the remainder when 11 is divided by a?
5
Let w = 1 + 2. Suppose 4*l - 14 = -b, 1 + 3 = 4*l. What is the remainder when b is divided by w?
1
Let a = 63 - 18. What is the remainder when 176 is divided by a?
41
What is the remainder when 16 is divided by (-10)/4*(3 - 5)?
1
Let q(o) = o**3 + 4*o + 2. What is the remainder when q(4) is divided by 21?
19
Suppose 20 = -0*v + 5*v. Suppose 5*p + 2*f = p + 156, v*p + 5*f - 144 = 0. Calculate the remainder when p is divided by 16 - (1 - (2 + -3)).
13
Suppose s - 16 = -11. What is the remainder when 9 is divided by s?
4
Let n(z) = -z - 5. Let s be n(-8). Suppose -2*p - s = -p. What is the remainder when 47 is divided by (p + -29)*2/(-4)?
15
Suppose 0 = 4*h - 186 - 82. What is the remainder when h is divided by 17?
16
Calculate the remainder when 38 is divided by (-8)/24 - (1 + (-56)/6).
6
Let p(o) = o**2 + o - 2. Let m be p(2). Suppose 0 = -s + m*s - 33. Let y = -3 + s. Calculate the remainder when y is divided by 5.
3
Let l = 210 + -118. Let z = -65 + l. Calculate the remainder when z is divided by 10.
7
Let t(a) = 12*a. Suppose 7*j - 4*j = -2*p, -5*j + p = -13. Suppose 0 = j*w - 20 - 50. Calculate the remainder when w is divided by t(1).
11
Calculate the remainder when 6 - 2 - 3 - -40 is divided by 16.
9
Let j(k) = k**2 + 5*k + 12. What is the remainder when 69 is divided by j(-6)?
15
Let l = 17 - -28. Calculate the remainder when l is divided by 8.
5
Suppose 0 = 5*v - 3*y - 2*y + 90, 36 = -2*v - 2*y. Let f = v - -43. What is the remainder when f is divided by 37/4 - 2/8?
7
Let y(k) = -k + 26. What is the remainder when 63 is divided by y(15)?
8
Let f(v) = 65*v**2 - 4*v - 2. Let h be f(-3). Suppose h = -p + 6*p. What is the remainder when p is divided by 30?
29
Let u = -5 - -8. Calculate the remainder when ((-13)/u)/((-2)/18) is divided by 20.
19
Let x = -7 - -12. Suppose -x*t - 4*v + 28 + 27 = 0, 2*t - 4 = 2*v. What is the remainder when 18 is divided by t?
4
Let c = -5 + 12. Calculate the remainder when c is divided by 3.
1
Suppose -2*c + 5*s + 282 = c, -c = 4*s - 77. What is the remainder when c is divided by 30?
29
Let w(f) = -f**3 - 4*f**2 + 5. Let b be w(-5). Suppose 4*v - b = v. Calculate the remainder when (38/2)/1 + -1 is divided by v.
8
Let t = 10 - 6. Let a(b) be the second derivative of b**4/12 + 4*b**3/3 + 5*b**2 - b. Calculate the remainder when t is divided by a(-7).
1
Suppose 2*w - 2*r - 132 = 0, 0 = -2*w - 4*r + 91 + 41. Let m = w + -46. Calculate the remainder when 58 is divided by m.
18
Let h(o) = o**3 - 9*o**2 + o + 5. What is the remainder when h(9) is divided by 4?
2
Let u(w) be the first derivative of -w**4/4 + 2*w**3 - 3*w**2/2 - w - 2. Calculate the remainder when 26 is divided by u(5).
8
Suppose -2*x + 2*g = -14, -3 - 1 = -2*x - 3*g. Suppose -x*w + 492 = -5*k + 187, 2*k + 57 = w. Calculate the remainder when w is divided by 17.
14
Suppose -z = -7 - 11. Calculate the remainder when z is divided by 6.
0
Suppose -p = -2 - 7. Let m(g) = g**2 - 4*g - 7. What is the remainder when m(p) is divided by 8?
6
Let g = 16 - 41. Calculate the remainder when 53 is divided by (-133)/(-5) - 10/g.
26
What is the remainder when 10 is divided by 4*(2/(-1))/(-2)?
2
Suppose 144 - 39 = 5*f. Let k = 125 - 85. What is the remainder when k is divided by f?
19
Suppose -b + 6 = b. Suppose 0 = -g + z + 14, g - 50 = -b*g + 2*z. Calculate the remainder when g is divided by 4.
3
Let q(s) = -34*s - 12. Let x be q(4). Let i = x + 235. What is the remainder when i is divided by 30?
27
Suppose -5*n + 4 + 6 = 0. Suppose -n*a - 51 = -5*a. Calculate the remainder when a is divided by 10.
7
Let x(h) = h**2 + 10*h + 8. Let o be x(-6). Suppose -5*p + 20 = -5*r - 85, -4*r + 72 = 2*p. Let z = o + p. What is the remainder when z is divided by 4?
2
Let u(g) = -g**2 + 10*g + 2. Let t be u(8). Calculate the remainder when 23 is divided by (-424)/(-36) + 4/t.
11
Let n(h) = 4*h**2 + h + 1. Suppose 3*r - 3*c + 29 = 125, 0 = -5*r + 2*c + 169. What is the remainder when r is divided by n(2)?
16
Suppose -v = -4*v - 4*c + 47, 5*v - 5*c - 20 = 0. Calculate the remainder when v is divided by 3.
0
Suppose -2*l = l. Let p be l/(-1)*(-1)/(-3). Suppose p*y - 3*y = -5*a + 287, 5*a - 263 = -3*y. What is the remainder when a is divided by 19?
17
Suppose 0 = -2*v - 5*k + 16 - 3, 110 = 5*v - 3*k. Calculate the remainder when 35 is divided by v.
16
Let p be 0 + 55 + 0/3. Suppose -6*j + j + p = 0. What is the remainder when 20 is divided by j?
9
Let m = -11 - -30. Suppose -4*g + m = -21. Calculate the remainder when g is divided by 3.
1
Suppose -2*b - 9 = -5*b. What is the remainder when 10 is divided by b?
1
Calculate the remainder when 4 is divided by (4/2)/(5/5).
0
Let h(i) = -i**2 - 5*i - 5. Let f be h(-5). Calculate the remainder when 19 is divided by (-34)/85 - 57/f.
8
Let p(c) = c**2 - c + 6. Suppose 7*j - 2*j = 0. Calculate the remainder when ((-22)/(-4))/(5/10) is divided by p(j).
5
Suppose -98 = -3*k + 4*c, -129 = -12*k + 8*k + 5*c. Calculate the remainder when k is divided by 9.
8
Suppose -124 = 60*x - 61*x. What is the remainder when x is divided by 35?
19
Let w(m) = m**2 + 7*m + 19. Calculate the remainder when w(-9) is divided by 19.
18
Let k(n) = 2*n**2 + 19*n + 12. Let q be k(-10). What is the remainder when 97 is divided by 546/q - 2/(-11)?
22
Let k(z) = -2*z. Let y be k(-1). Suppose y*r + 156 = -2*u + 16, 76 = -r + 2*u. What is the remainder when (r + -2)*3/(-6) is divided by 13?
11
Suppose 0 = -d + 3*t + 9, -5*d - 2*t + 14 = -4*d. What is the remainder when 44 is divided by d?
8
Suppose 18*k = 153 + 99. Let l(j) = -3*j - 7 + 2*j + 15. What is the remainder when k is divided by l(0)?
6
Calculate the remainder when 209 is divided by (-4)/(-12)*-3 - (-1 + -30).
29
Let c(o) = 10*o + 35. Let s(g) = 7*g + 23. Let y(j) = 5*c(j) - 7*s(j). Let v be y(-11). Suppose 0*r - v*r = -72. Calculate the remainder when r is divided by 9.
6
Let p(q) = 2*q + 13. Calculate the remainder when 65 is divided by p(5).
19
Suppose g - 1 = 15. What is the remainder when (1 - -42) + 4 + -1 is divided by g?
14
Suppose 0*d + 2*d + 12 = 0. Let o be 0/1 + d + 9. Suppose -o*l + 20 + 7 = 0. What is the remainder when l is divided by 4?
1
Let b = 135 - 70. Let d = -34 + b. Calculate the remainder when d is divided by 11.
9
What is the remainder when (-2 + 1)/((-7)/105) is divided by 8?
7
Let v(c) = 5 + 5*c - 2*c**3 - 6*c**2 - 4 + c**3. Suppose -2*g + 26 = -3*i + 113, 5*g = 2*i - 58. Calculate the remainder when i is divided by v(-7).
14
Let r(i) be the third derivative of i**4/12 - 7*i**3/6 - 3*i**2. What is the remainder when 18 is divided by r(6)?
3
What is the remainder when 39*(2 + -1)*1 is divided by 20?
19
Let s be -13*1/((-3)/3). Suppose 3 + s = u. What is the remainder when u is divided by (2 + (-16)/14)*7?
4
Suppose 0 = -5*q - 2*l + 43, 0 = 2*q + 5*l - l - 30. Suppose 2*t - q*t + 130 = 0. Calculate the remainder when t is divided by 14.
12
Let d = -5 - -8. Suppose 3*j - 12 = 0, -j - d = v - 0. Let u = 16 + v. What is the remainder when u is divided by 4?
1
Let k be 32 - (1 + -2 + -1). Suppose 3*u - k + 10 = 0. Let y = -5 + 10. What is the remainder when u is divided by y?
3
Let u(k) = k**3 + 3*k**2 - 6*k + 2. What is the remainder when u(2) is divided by 6?
4
Let d(k) = -k**3 + 8*k**2 - k + 10. Let p be d(8). Let r be (-2 - p)*(-2)/2. What is the remainder when 41 is divided by (-8)/16 + 46/r?
8
Let w be (-20)/(-10) + 2/(-1). Let y be (-2)/(-7) + (-52)/(-14). Suppose w = y*q - 48. Calculate the remainder when 23 is divided by q.
11
Suppose 2*q = -5*l + 173, -2*q + q + 70 = 2*l. Calculate the remainder when 64 is divided by l.
31
Suppose -q - 4 = q. Calculate the remainder when 21/2 + (-1)/q is divided by 4.
3
Let m(a) = a**3 + a**2 + a + 3. Let i be m(0). Suppose -i*u + 5*v - 31 = -4*u, -u + 5*v = 9. What is the remainder when 43 is divided by u?
10
Suppose -3*u - 74 = -179. What is the remainder when 242 is divided by u?
32
Suppose 2*p = 15 + 9. Suppose -p = 5*z - 142. Calculate the remainder when z is divided by 7.
5
Let s(f) = f**2 - 3*f - 8. S